+ a*f. What is the highest common factor of f and 28?
14
Suppose -f = -2*y - 82, 2*f - 62 - 112 = 2*y. Calculate the greatest common divisor of f and 69.
23
Let a(j) = -193*j - 373. Let v be a(-2). What is the greatest common factor of v and 2197?
13
Let j(k) = -2*k**3 + 9*k**2 - 6*k + 13. Let i be j(4). Calculate the greatest common divisor of i and 45.
5
Suppose -10*r + 5*r = 3*u - 7, 1 = -u. Suppose 2*c - 3*b - 19 = -0, -b = -5*c + 67. Calculate the greatest common divisor of c and r.
2
Let u be 429084/1218 - (-1)/(7/(-2)). What is the greatest common factor of u and 77?
11
Let l be 2*2*(16 - 345/(-30)). Calculate the greatest common divisor of 10 and l.
10
Let g(l) = l**3 - l**2 + 2*l - 8. Let o be g(4). Let s be (-8)/(-36) + o/27. What is the greatest common factor of s and 6?
2
Suppose 3*m = -2*d + 14, 6*m - m - 22 = -3*d. Suppose 0 = r - 2*a + 5, -m*r + 0*a + 5 = a. What is the greatest common divisor of 8 and r?
1
Let o(j) = 9*j**2 - j. Let t be o(-1). Let b = -10 + t. Suppose 9*v - 4*v - 25 = b. What is the highest common divisor of 45 and v?
5
Suppose -4*r + 16 = 4*p - 0*r, -20 = -p - 5*r. Let s = p + -4. Let o be ((0 - s) + -37)*-1. Calculate the greatest common divisor of 165 and o.
33
Let n(f) = 2*f - 3. Let h be n(3). Suppose h*w = 2*z - 78, -4*w = z - 2*w - 39. Let b be 13/(10/4 - 2). What is the highest common factor of z and b?
13
Let r be (-3)/12 + (-9)/(-4). Suppose 2*l = a + 3*a + 10, -r*l - 5*a = -1. Suppose g + 2*g - l = 0. Calculate the highest common divisor of g and 2.
1
Let n = 52 + -141. Let r = n - -187. Calculate the greatest common factor of 14 and r.
14
Suppose -4*u + 2*j = -46 - 4, 0 = 2*u - 5*j - 37. Suppose -17*m + 0*m + 374 = 0. What is the greatest common factor of u and m?
11
Let k = 114 + -63. Suppose -k - 101 = -v. Let j = -204 + 223. What is the greatest common divisor of v and j?
19
Let b be 105*(1/5 - (-44)/110). What is the greatest common factor of 7 and b?
7
Suppose 4*p - 30 = 7*u - 2*u, -3*p - 4*u + 7 = 0. Suppose -83 = 4*n + 141. Let y = n + 96. What is the highest common factor of p and y?
5
Suppose 10*g = -k + 5*g + 30, k = -g + 46. Suppose -4*w + 15 + 5 = 0. Suppose w*y - 52 + 2 = 0. Calculate the greatest common factor of k and y.
10
Let y be ((-9)/(-3) + 5)*(-2)/(-8). Suppose y*i + 72 - 86 = 0. What is the greatest common divisor of 7 and i?
7
Let t be -2 + 2 - (-1)/1. Let q be -80*t*(-3)/6. Calculate the greatest common divisor of 16 and q.
8
Let b be 3*-2*3/(-6). Suppose 4*t - 12 - 18 = -2*j, 3*t - b*j = 27. Let n(o) = -o + 8. Let i be n(7). What is the greatest common divisor of t and i?
1
Let q be 0 + -1 - (-10)/5*1. What is the greatest common divisor of q and 10?
1
Suppose 0 = 2*r + 3*f + 1, r - 6*f + 8*f + 3 = 0. Calculate the highest common factor of r and 574.
7
Let f = -6276 + 9292. Calculate the greatest common factor of f and 104.
104
Let d(v) = -v**3 + v**2 - v + 49. Let k be d(0). Let x = k - -135. Calculate the greatest common factor of x and 23.
23
Suppose 5*r = t - 45, -3*t - 3*r - r + 40 = 0. Let y be 1110/2035 - (-648)/22. Calculate the greatest common factor of y and t.
10
Let q = -32 + 45. Suppose q*o = 1141 + 263. What is the greatest common factor of 12 and o?
12
Suppose -4*x - 5*o + 31 = -37, 5*o = -20. What is the highest common factor of 143 and x?
11
Let g be 2/3*(2 - -1). Suppose 2 = g*o, -2*c = 3*c - 2*o - 43. What is the greatest common divisor of c and 72?
9
Let c = -48 + 42. Let s = 1 - c. Calculate the highest common factor of s and 28.
7
Let x(c) = c**3 - 12*c**2 - 2*c + 2. Let y be x(12). Suppose 0*b + b = -27. Let f = y - b. What is the highest common factor of 55 and f?
5
Suppose -p = 3*o + 6, 3*p = -0*p - o + 14. Suppose -l - 7 = -p. Let a be (-3 + (l - -3))*-12. Calculate the highest common divisor of a and 4.
4
Let x(y) = 2*y**3 + 16*y**2 + 14*y + 19. Let t be x(-7). What is the highest common factor of t and 1235?
19
Suppose 7*r = 5*r + 320. Suppose -9*s = -326 - r. What is the greatest common factor of 18 and s?
18
Let b be 2 + 10 + 1 - -107. What is the greatest common divisor of 3240 and b?
120
Let y = -245 + 437. Let a be (-12)/10*(-2 - 8). What is the highest common factor of a and y?
12
Let l(s) = 4*s**2 + 16*s + 15. Let v(w) = -9*w**2 - 32*w - 30. Let h(z) = 5*l(z) + 2*v(z). Let o be h(-10). What is the greatest common factor of o and 11?
11
Let g(m) = m**3 - 4*m**2 - 8*m + 1. Let j be g(6). Suppose -4*l + j = -131. Let n = 18 + -5. What is the highest common factor of n and l?
13
Let j = 52 + -100. Let k = 64 + j. Calculate the greatest common factor of 176 and k.
16
Suppose -4*g + 6*g + 20 = 0. Let y = g - -37. Suppose 2*x + 5*s = 71 - y, -4*x + 3*s = -140. What is the greatest common factor of 224 and x?
32
Suppose -699*n - 90 = -708*n. Calculate the highest common factor of n and 445.
5
Let a be ((-71)/(-2)*1)/(2/(-4)). Let w = a - -74. What is the greatest common factor of w and 2?
1
Let g = 238 + -158. Let u(f) be the second derivative of -f**4/12 + 2*f**3 - 6*f**2 + 2*f. Let b be u(8). What is the highest common factor of b and g?
20
Let s(y) = 338*y**2 + 32*y - 72. Let u be s(2). Calculate the greatest common divisor of 42 and u.
42
Suppose -4*t = -15*s + 20*s - 1343, 3*s + 699 = 2*t. Calculate the highest common divisor of t and 399.
57
Suppose -3063 = -l - 5*c, 5*l + c + 4*c - 15295 = 0. What is the highest common factor of l and 22?
22
Let z = 8 + -13. Let q be (48/(-14))/(z/140). Let p = q + -66. Calculate the greatest common divisor of 6 and p.
6
Let u be (152/(-10))/((-9 + 4)/100). What is the greatest common factor of u and 16?
16
Let q = -421 + 706. What is the highest common divisor of 456 and q?
57
Let b(y) = -y + 8. Let s be b(4). Suppose 5*p - s*h - 54 = 0, -2*h + 0*h - 2 = 0. What is the highest common divisor of p and 4?
2
Suppose -3*q = 5*l - 281, -l + 185 = 108*q - 106*q. Calculate the greatest common divisor of q and 24.
4
Let k = 686 - 551. What is the highest common factor of 195 and k?
15
Let w = 908 - 737. Let n(s) = 20*s - 1. Let t be (2/6)/(1/3). Let x be n(t). Calculate the greatest common divisor of w and x.
19
Let h be (-7)/28 - 70/8. Let b = h - -81. What is the greatest common factor of 18 and b?
18
Let a(i) = -87*i + 2. Suppose 2 = 3*g + 8. Let n be a(g). Let j(b) = 4*b**2 + 55*b - 110. Let f be j(2). Calculate the greatest common divisor of f and n.
16
Let b(a) = 3*a**2 - 2*a - 1. Let v be b(-1). Suppose -36 = v*o - 276. Calculate the highest common factor of 15 and o.
15
Let k(n) be the second derivative of -n**3/6 + 45*n**2/2 + 8*n. Let s be k(0). What is the highest common divisor of 9 and s?
9
Let q(a) = 29*a**2 - 2*a + 18. Let n be q(3). Calculate the greatest common factor of 52 and n.
13
Suppose 1212 = 4*m - 3*a + 12, 8 = -2*a. Calculate the highest common factor of 44 and m.
11
Let f be 27/6*(120/27)/10. Calculate the greatest common factor of 58 and f.
2
Suppose -144 = -3*b - 0*s + 2*s, -2*s = -5*b + 240. Let n(k) = -5*k - 25. Let i be n(-10). Let x = i - 19. Calculate the highest common divisor of x and b.
6
Let d(g) = 5*g - 5. Let n be (14/(-21))/((-1)/3). Let f be d(n). Let t = f + -3. What is the highest common divisor of t and 4?
2
Suppose -3*d = -c - 1, 5*d + 3*c = 2*c - 9. Let u(i) = -151*i**3 - 2*i**2 + i + 2. Let a be u(d). Calculate the greatest common divisor of a and 60.
30
Let x = 47 - 7. Suppose 4*t = 3*t + 4*v + 10, -4*t + x = 2*v. Let i(h) = -16*h - 32. Let k be i(-7). Calculate the highest common divisor of k and t.
10
Suppose -w - 5 + 8 = 0. Suppose -w*v + 0*v + 132 = 0. Calculate the highest common divisor of v and 4.
4
Let h(i) = 3*i + 8. Let m be (-64)/(-14) - 12/21. Let v be h(m). Suppose c - v = -6. What is the highest common divisor of c and 28?
14
Let r be ((-10)/(-7))/(6/42). Suppose 0 = 4*k + 3*g - 27, -3*k - 21 = -4*g - r. Calculate the greatest common divisor of 12 and k.
3
Suppose -r = -x - 8 + 9, 4*x + 3*r = 25. Suppose -2*p - 163 = -5*g - 3, x*p - 40 = -2*g. What is the highest common divisor of 20 and g?
10
Let c(q) = q**2 - 4*q + 18. Let l be c(18). Calculate the highest common factor of 60 and l.
30
Suppose 7*g - 5*g + 12 = 5*m, 16 = 4*m. What is the greatest common divisor of 596 and g?
4
Let f be (-4)/(1 - -3)*897/(-3). What is the greatest common divisor of